the remainder when 877 is divided by 7?
2
What is the remainder when 72 is divided by 15?
12
What is the remainder when 475 is divided by 23?
15
What is the remainder when 1220 is divided by 1208?
12
What is the remainder when 1616 is divided by 135?
131
What is the remainder when 1705 is divided by 26?
15
Calculate the remainder when 10131 is divided by 3375.
6
Calculate the remainder when 44 is divided by 12.
8
What is the remainder when 3056 is divided by 278?
276
Calculate the remainder when 738 is divided by 22.
12
Calculate the remainder when 88 is divided by 10.
8
What is the remainder when 4392 is divided by 26?
24
What is the remainder when 1147 is divided by 3?
1
Calculate the remainder when 712 is divided by 10.
2
Calculate the remainder when 45451 is divided by 109.
107
What is the remainder when 456 is divided by 51?
48
What is the remainder when 2889 is divided by 49?
47
What is the remainder when 8666 is divided by 197?
195
What is the remainder when 403 is divided by 102?
97
Calculate the remainder when 32 is divided by 31.
1
What is the remainder when 3567 is divided by 274?
5
Calculate the remainder when 845 is divided by 47.
46
Calculate the remainder when 244 is divided by 231.
13
Calculate the remainder when 256 is divided by 33.
25
What is the remainder when 18358 is divided by 270?
268
Calculate the remainder when 726 is divided by 149.
130
Calculate the remainder when 147 is divided by 147.
0
Calculate the remainder when 182 is divided by 23.
21
Calculate the remainder when 207 is divided by 19.
17
What is the remainder when 291 is divided by 99?
93
Calculate the remainder when 91 is divided by 21.
7
Calculate the remainder when 98 is divided by 52.
46
What is the remainder when 188 is divided by 28?
20
Calculate the remainder when 331 is divided by 58.
41
What is the remainder when 121 is divided by 31?
28
What is the remainder when 745 is divided by 646?
99
Calculate the remainder when 1434 is divided by 35.
34
What is the remainder when 1394 is divided by 50?
44
Calculate the remainder when 21505 is divided by 439.
433
Calculate the remainder when 166 is divided by 8.
6
What is the remainder when 29 is divided by 10?
9
Calculate the remainder when 1176 is divided by 32.
24
What is the remainder when 396 is divided by 29?
19
Calculate the remainder when 628 is divided by 106.
98
Calculate the remainder when 706 is divided by 140.
6
What is the remainder when 438 is divided by 27?
6
Calculate the remainder when 416 is divided by 148.
120
Calculate the remainder when 3566 is divided by 76.
70
Calculate the remainder when 433 is divided by 15.
13
Calculate the remainder when 2409 is divided by 19.
15
Calculate the remainder when 1055 is divided by 171.
29
Calculate the remainder when 577 is divided by 281.
15
Calculate the remainder when 42 is divided by 26.
16
What is the remainder when 132 is divided by 27?
24
What is the remainder when 1320 is divided by 273?
228
What is the remainder when 377 is divided by 130?
117
What is the remainder when 33 is divided by 6?
3
What is the remainder when 78 is divided by 64?
14
What is the remainder when 1200 is divided by 14?
10
What is the remainder when 69 is divided by 16?
5
Calculate the remainder when 378 is divided by 64.
58
Calculate the remainder when 766 is divided by 196.
178
Calculate the remainder when 308 is divided by 73.
16
What is the remainder when 209 is divided by 21?
20
What is the remainder when 85 is divided by 4?
1
Calculate the remainder when 1125 is divided by 20.
5
Calculate the remainder when 41 is divided by 14.
13
What is the remainder when 53 is divided by 46?
7
What is the remainder when 173 is divided by 20?
13
Calculate the remainder when 70 is divided by 8.
6
What is the remainder when 3380 is divided by 1126?
2
Calculate the remainder when 201 is divided by 68.
65
What is the remainder when 74 is divided by 10?
4
What is the remainder when 152 is divided by 14?
12
Calculate the remainder when 2281 is divided by 326.
325
Calculate the remainder when 168 is divided by 35.
28
What is the remainder when 4283 is divided by 1427?
2
Calculate the remainder when 64 is divided by 11.
9
What is the remainder when 673 is divided by 34?
27
What is the remainder when 430 is divided by 53?
6
Calculate the remainder when 636 is divided by 268.
100
What is the remainder when 216 is divided by 105?
6
Calculate the remainder when 25 is divided by 12.
1
Calculate the remainder when 1658 is divided by 93.
77
Calculate the remainder when 2664 is divided by 178.
172
What is the remainder when 1509 is divided by 36?
33
What is the remainder when 213 is divided by 17?
9
What is the remainder when 84 is divided by 11?
7
What is the remainder when 23 is divided by 14?
9
What is the remainder when 115 is divided by 57?
1
What is the remainder when 47 is divided by 14?
5
What is the remainder when 412 is divided by 12?
4
Calculate the remainder when 188 is divided by 25.
13
What is the remainder when 136 is divided by 32?
8
What is the remainder when 153 is divided by 40?
33
What is the remainder when 775 is divided by 197?
184
Calculate the remainder when 56 is divided by 4.
0
What is the remainder when 1082 is divided by 48?
26
Calculate the remainder when 101 is divided by 51.
50
Calculate the remainder when 124 is divided by 4.
0
Calculate the remainder when 361 is divided by 52.
49
What is the remainder when 16 is divided by 12?
4
What is the remainder when 264 is divided by 13?
4
What is the remainder when 4405 is divided by 45?
40
What is the remainder when 867 is divided by 79?
77
Calculate the remainder when 6016 is divided by 20.
16
Calculate the remainder when 168 is divided by 44.
36
Calculate the remainder when 440 is divided by 139.
23
What is the remainder when 690 is divided by 112?
18
What is the remainder when 71 is divided by 8?
7
What is the remainder when 1998 is divided by 645?
63
Calculate the remainder when 27 is divided by 23.
4
Calculate the remainder when 265 is divided by 18.
13
Calculate the remainder when 908 is divided by 375.
158
What is the remainder when 401 is divided by 81?
77
What is the remainder when 844 is divided by 43?
27
What is the remainder when 252 is divided by 127?
125
Calculate the remainder when 91 is divided by 34.
23
Calculate the remainder when 3138 is divided by 128.
66
What is the remainder when 484 is divided by 4?
0
Calculate the remainder when 24 is divided by 14.
10
What is the remainder when 353 is divided by 118?
117
Calculate the remainder when 384 is divided by 129.
126
Calculate the remainder when 8336 is divided by 397.
396
Calculate the remainder when 1737 is divided by 16.
9
Calculate the remainder when 1096 is divided by 6.
4
What is the remainder when 553 is divided by 15?
13
Calculate the remainder when 96 is divided by 38.
20
What is the remainder when 69 is divided by 2?
1
What is the remainder when 78 is divided by 29?
20
What is the remainder when 296 is divided by 105?
86
Calculate the remainder when 22399 is divided by 70.
69
What is the remainder when 89 is divided by 46?
43
Calculate the remainder when 903 is divided by 38.
29
What is the remainder when 108 is divided by 22?
20
What is the remainder when 133 is divided by 27?
25
What is the remainder when 759 is divided by 17?
11
Calculate the remainder when 55 is divided by 22.
11
What is the remainder when 24 is divided by 9?
6
What is the remainder when 740 is divided by 62?
58
What is the remainder when 33 is divided by 8?
1
Calculate the remainder when 2183 is divided by 1077.
29
What is the remainder when 290 is divided by 73?
71
Calculate the remainder when 545 is divided by 78.
77
What is the remainder when 463 is divided by 27?
4
Calculate the remainder when 714 is divided by 105.
84
What is the remainder when 1470 is divided by 16?
14
What is the remainder when 2859 is divided by 952?
3
Calculate the remainder when 118 is divided by 33.
19
Calculate the remainder when 65 is divided by 12.
5
What is the remainder when 90 is divided by 25?
15
Calculate the remainder when 441 is divided by 180.
81
Calculate the remainder when 52 is divided by 40.
12
What is the remainder when 322 is divided by 70?
42
Calculate the remainder when 221 is